ime factors of t?
2, 3
List the prime factors of ((-275)/(-5))/(0 + 1).
5, 11
Suppose 0 = 3*c - 3 - 3. Suppose -35 = d - c*d. What are the prime factors of d?
5, 7
Suppose 0 = 5*y + 3*o - 7*o - 705, 5*o - 386 = -3*y. List the prime factors of y.
137
Let j = -92 + 158. List the prime factors of j.
2, 3, 11
What are the prime factors of 2/3 - (-10)/3?
2
Let f = 9 + -23. Let p be (-4)/f - 2/7. Let j = 5 - p. What are the prime factors of j?
5
Let g(h) = 6*h**3 + h**2 + h. What are the prime factors of g(2)?
2, 3
Let w be 14/8 - 1/(-4). Suppose 5*a = 2*o - 21, 3*o + w*o = 2*a. Let b = a + 17. What are the prime factors of b?
2, 3
Let w = -266 + 515. List the prime factors of w.
3, 83
Suppose 2*r = -r. Suppose r = 2*o - 4*o + 10. List the prime factors of o.
5
Let n be 1*(-8 - (3 - 3)). Let o = n - -26. What are the prime factors of o?
2, 3
Let u(w) = -w**2 - 7*w - 1. Let y be u(-7). Let j be (-2 - 0) + 3 + y. Suppose -2*p + 12 = -j*p. What are the prime factors of p?
2, 3
Suppose -3*l + 6 = -0*i - i, 4*i = 3*l + 3. Suppose 4*d - 23 = i*h + 42, 5*h = 3*d - 57. What are the prime factors of d?
2, 7
Let b be (-3 + -5 - 1)*-1. What are the prime factors of b + 3 + (-2 - 2)?
2
Suppose -2*n = n - 18. Suppose 3*a + n = 6*a. What are the prime factors of a?
2
Suppose -17 = 2*m - 23. List the prime factors of 29 - -1*(0 - m).
2, 13
Let x(l) = 8*l**2. Let a be x(-1). Let d(t) = -t + 11. Let z be d(a). What are the prime factors of ((-14)/10 + z)*10?
2
Suppose 0 = 2*x - 19 - 21. List the prime factors of x.
2, 5
Let w = 19 - 1. List the prime factors of w.
2, 3
Let d = 22 - 14. Suppose -5*n + n + d = 0. Let l = n - 0. What are the prime factors of l?
2
Let y be -6 + 3 + (0 - -31). Let b = y + -15. What are the prime factors of b?
13
Let k = -42 - -67. Suppose 2*y + 2*c = c - 13, -5*c - k = 0. Let h(d) = d**2 + d - 4. List the prime factors of h(y).
2
Let d = 43 - 26. Suppose -10 - d = 3*m. List the prime factors of 276/27 - (-2)/m.
2, 5
Let l(a) = -a**2 - 7*a + 6. Let t be l(-6). Let q be (-4)/t + 181/3. Suppose -5*h = -2*w - q, 2*h - 7*w + 2*w - 45 = 0. What are the prime factors of h?
2, 5
Suppose 8*w = 7*w. Let m = 19 + w. What are the prime factors of m?
19
List the prime factors of (-6)/(-39) + (-1420)/(-65).
2, 11
Suppose -o + 11 = 5*c, 5*o - 3 = -3*c + 4*c. Suppose -c*y - 12 = -3*y. List the prime factors of y.
2, 3
Let q = 0 + -10. Suppose 18 = x + 3*r, -4*r = x + 2*x - 29. List the prime factors of q/3*-1*x.
2, 5
Let p be 2/(-6) + 38/6. Let d = p - 3. Let z = 8 - d. List the prime factors of z.
5
Let k(f) = f - 5. Let x be k(5). Suppose x = 5*a - 109 - 61. Suppose -4*y - 5*z = -a, 0 + 8 = -4*z. List the prime factors of y.
11
Let w be (0 - 0/(-1)) + 2. Suppose -g = -5*r + 20, 0*r - g = -w*r + 8. Suppose r*d - 16 = -0*d. What are the prime factors of d?
2
Let q(a) be the first derivative of a**5/40 - 7*a**4/24 - 2*a**3/3 - 2. Let f(m) be the third derivative of q(m). List the prime factors of f(6).
11
Suppose 0 = 5*b - 331 + 111. What are the prime factors of b?
2, 11
Let i = 46 + -23. Suppose 4*w + 3*l = i, -5 = w + 4*l - 1. What are the prime factors of w?
2
Let o(a) = 17*a + 1. Let b be -2*4/(4 - 12). List the prime factors of o(b).
2, 3
Let x = -138 - -167. List the prime factors of x.
29
Let c = 6 + -1. Suppose -1 = z - p, c*z - 3 = p + 8. Suppose -v + 26 = -4*r, -z*r - 13 + 98 = 4*v. What are the prime factors of v?
2, 11
Suppose 0*c + 36 = c. List the prime factors of c.
2, 3
Suppose 0*w - 4*w + 14 = y, 8 = -4*y. Let a be -2*(-1)/w*10. Suppose -4*t - 35 - 57 = -a*d, 0 = -2*d + 2*t + 38. List the prime factors of d.
2
Suppose 2*w + 4*j + 8 = 0, -w + j = 2*j + 5. What are the prime factors of (-80)/w + 2/3?
2, 7
Let y = 1184 - 838. What are the prime factors of y/10 + 18/(-30)?
2, 17
Suppose 3*s = 3*x + 153, -s - 5*x + 27 + 6 = 0. Suppose -3*y + y = -s. What are the prime factors of y?
2, 3
Let b = -11 + 25. Let d = b + -2. List the prime factors of d.
2, 3
Let b(k) = -k + 0*k**2 + k**2 - 33 + 0*k. Let t be b(0). Let f = -23 - t. What are the prime factors of f?
2, 5
Suppose -42 = 38*b - 40*b. What are the prime factors of b?
3, 7
Let m(x) = -x. Let b(v) = v**2 + 9*v - 11. Let i be b(-12). Suppose a + 4*a - i = 5*t, 0 = a + 1. List the prime factors of m(t).
2, 3
Let b(p) = -6*p - 5*p**2 + 0 + 4*p**2 - 6. Let n be b(-4). Suppose -2*d - 26 = -n*o - 7*d, -3*o + 22 = -d. List the prime factors of o.
2
Suppose 7*o - 6*o = 37. Let l = o + -24. What are the prime factors of l?
13
Let k = 4 + 2. Suppose 3*p - 2*q - 16 = 0, 4*p + 4*q - 18 = k*q. Suppose -2*d + 4 = -2*g, d - 6*g = -p*g - 10. What are the prime factors of d?
2, 3
Let t be ((-2)/6)/((-3)/9). Let l be (2/3)/(t/(-3)). Let d = l - -11. List the prime factors of d.
3
Let q be (-26 + 10)*2/(-4). Let v be (-1 - q)/(-2 - -1). List the prime factors of -26*1*v/(-18).
13
Suppose 0*t = 3*t - 12. Suppose 3*h - t = z, -h + 3*z = 3*h - 12. Suppose -8*f + 3*f + 15 = h. List the prime factors of f.
3
Suppose 14 = 5*r - 16. Let m = r + 0. Suppose -l - 3 = -m. What are the prime factors of l?
3
Let x = -3 - -7. Suppose -2*y = -2*s - x*y + 70, 2*y - 8 = 0. What are the prime factors of s?
31
Let h(y) = 9*y - 19. Let s(x) = 4*x - 9. Let d(f) = -6*h(f) + 13*s(f). List the prime factors of d(-7).
11
Suppose 4*c - 16 = -o, o - 2*o = -5*c + 20. Suppose y + 1 = c. List the prime factors of y.
3
Let g(p) = -9*p**3 + p**2 - p + 4. What are the prime factors of g(-2)?
2, 41
Suppose -s - 2 = 2*b + 13, 0 = 4*s - 5*b - 5. Let v(m) = -m**2 + 14*m + 5. Let f be v(13). Let g = f + s. What are the prime factors of g?
13
Let j = 31 - 64. Let v = j - -58. What are the prime factors of v?
5
Suppose 3*q - 2*q - 49 = 0. Let s be 2/7 + 1848/q. Suppose -4*c + s = -58. List the prime factors of c.
2, 3
Let o(a) = -10*a. List the prime factors of o(-3).
2, 3, 5
List the prime factors of 0 + -1 + 31 + -2.
2, 7
Let y be 0 + -2 + -1 + -3. What are the prime factors of (-15)/y*6/5?
3
Suppose -w = v - 17, -v + 5*w = 4*v - 135. List the prime factors of v.
2, 11
Let f(v) = 9*v - 5. Let q(d) = 217*d - 119. Let p(i) = 49*f(i) - 2*q(i). What are the prime factors of p(6)?
5, 7
Let j be 1 - (1 - 2)*3. Suppose -1 = -j*g + 11. What are the prime factors of g?
3
Suppose 0 = -2*l + 38 - 8. What are the prime factors of l?
3, 5
Suppose 9*x - 6 = 7*x, 981 = 4*p + 3*x. List the prime factors of p.
3
Let g = -13 - -25. List the prime factors of g.
2, 3
Let d be ((-44)/6)/((-2)/(-3)). Let y = 25 - d. What are the prime factors of y?
2, 3
Let k be (1/(-2))/(3/(-288)). Suppose 5*a + 0*n - 3*n = 55, 2*a + 4*n - k = 0. List the prime factors of a.
2, 7
List the prime factors of (-1)/(-4) - (-139)/4 - -2.
37
What are the prime factors of -4 + (-2)/(-1) + 60?
2, 29
Suppose -5*w + 132 = -w. What are the prime factors of w?
3, 11
Suppose -3*w - 3*u + 89 + 109 = 0, -261 = -4*w - 3*u. What are the prime factors of w?
3, 7
Suppose -1 = t + 4*b, -4*t - 2 = 5*b + 2. Let o(a) = -28*a - 1. Let n be o(t). Let k = n + -16. What are the prime factors of k?
11
Suppose -5*s + 19 = 4. Suppose 108 = 5*t - s*t. Suppose -t = -3*c + v, -2*c - 3*v + 47 = -0*c. What are the prime factors of c?
19
Let m(c) = c**2 + c. Let w(b) = 2*b**2 + 3*b - 5. Let r(x) = -m(x) + w(x). Let a be (-1 + 2)/(-1) + -3. What are the prime factors of r(a)?
3
Let s be 23 + -3 + -2 + 3. Let h = s - -40. What are the prime factors of h?
61
Suppose 2*j + 43 = -23. Let n = j - -67. List the prime factors of n.
2, 17
Let s(k) be the third derivative of -k**5/60 + k**4/3 + k**3/6 - 2*k**2. Suppose -10 = -2*m, 0*v + 5*m = 2*v + 11. What are the prime factors of s(v)?
2
Let q be (2 - 3)*(-84)/(-4). Let c = -7 - q. What are the prime factors of c?
2, 7
Let a(n) = n - 13. List the prime factors of a(16).
3
Let y = 82 + -32. List the prime factors of y.
2, 5
Let t be (-6)/4*(-10)/3. Suppose t*b - 76 = b. What are the prime factors of b?
19
Let t = 16 - 9. Suppose t*h + 2 = 8*h. What are the prime factors of h?
2
Suppose 3*b + 3*x + 71 = 5*b, 0 = -5*b - x + 186. List the prime factors of b.
37
Let o(l) = 3*l + 2. Suppose 3*z = 27 - 9. List the prime factors of o(z).
2, 5
Let k = -24 - -17. Let c = k + 11. Suppose 3*z - 23 = -2*w, -5*z - w = c*w - 30. List the prime factors of z.
11
Suppose 608 = 4*h + 4*y, 